ainder when m is divided by 7?
5
What is the remainder when -3 - (-1 + 0)/((-9)/(-243)) is divided by 15?
9
Suppose 19 = 4*h - 49. Calculate the remainder when 59 is divided by h.
8
Let l = 1 - 1. Let d = 40 + -11. Suppose l = -n + d + 26. What is the remainder when n is divided by 19?
17
Calculate the remainder when 3 + 137 + -4 + 1 is divided by 28.
25
Calculate the remainder when 1075/20 - (-1)/4 is divided by 14.
12
Suppose -36 + 236 = 8*h. Let x(s) = -8*s - 1. What is the remainder when h is divided by x(-1)?
4
Let p(s) = -5*s**3 + 2*s**2 - 2*s + 1. Let o be p(1). Let v = o - -2. Calculate the remainder when 74/9 - v/(-9) is divided by 5.
3
Let i = 21 + -13. What is the remainder when 29 is divided by i?
5
Let g = -356 + 392. What is the remainder when (15/(-4))/((-1)/28) is divided by g?
33
Suppose -2*t + 8 = -2*v, -2*t = -3*v + 5*v + 12. Let q(l) = -2*l**2 - 6*l + 7. Let r be q(v). Let b = 0 - r. Calculate the remainder when 37 is divided by b.
11
Suppose 2*r - 5*n = 58, 0*n = -r + 3*n + 28. Calculate the remainder when r is divided by (-1)/2 - (-38)/4.
7
Let u be (2/(-3))/(6/(-135)). Let x = 19 - u. Calculate the remainder when 5 is divided by x.
1
Let n(o) = -o + 2. Suppose -m = -3*j + 3 + 7, m + 6 = 2*j. What is the remainder when n(-3) is divided by m?
1
Let i be (-133)/(-3)*(1 - -2). Let p = i - 84. Let q = p - 15. What is the remainder when q is divided by 12?
10
Let f = -29 - -63. Let g(b) = b**2 + 6*b. Calculate the remainder when f is divided by g(-7).
6
Suppose 0 = -2*l + 11 + 15. Suppose -4*j - 6*u + 4*u = -10, -5*j = 4*u - 5. What is the remainder when l is divided by j?
3
Let s(t) = -2*t - 7. Let g be s(-7). Suppose 0 = 4*h - g - 5. What is the remainder when 11 is divided by h?
2
Suppose 5*v + 10 = u, v + 3*v = 0. Calculate the remainder when 18 is divided by u.
8
Let d(k) = -5 + 1 - 1 - 10*k - k**2 - 6. Suppose -z + 4 = 4*q + 7, 4*z - 21 = -5*q. Calculate the remainder when z is divided by d(-8).
4
Let x = -5 + 84. Let m = 323 - 303. Calculate the remainder when x is divided by m.
19
Suppose -4*s + 8 + 8 = 0. Calculate the remainder when 51 + s*1/2 is divided by 18.
17
Suppose 2*a = -0*a + 182. Let v(t) = 2*t**2 + 16*t - 145. Calculate the remainder when a is divided by v(6).
22
Calculate the remainder when (-844)/(-8) - 1/4*-2 is divided by 18.
16
Let m(r) = 10*r**3 + r**2 - r + 1. Let i be m(1). Suppose -z - i + 95 = 4*l, 3*l - 56 = z. Calculate the remainder when l is divided by 11.
9
Let m = 4 + -5. Suppose 0*p - 18 = -2*p. Calculate the remainder when (m - (1 + -1)) + 26 is divided by p.
7
Let j(c) be the second derivative of 7*c**4/12 - c**3/6 - c. Calculate the remainder when 23 is divided by j(1).
5
Suppose -260 = -q - 4*q. Suppose 0 = 4*i + 3*k - 7*k - q, i - 5*k = 13. What is the remainder when 23 is divided by i?
10
Let g(v) be the first derivative of -v**2/2 + 1. Calculate the remainder when 11 is divided by g(-6).
5
Suppose -5*z - 7 = -t - 0*t, 4*t + 3*z - 28 = 0. Calculate the remainder when (-3)/(-2)*(-26)/(-3) is divided by t.
6
Suppose 0 = 2*r + s - 0*s - 3, 10 = -2*s. Suppose 4*h = 60 + 24. Suppose -4*l = 3*m - 19, -4*m + h - 5 = 4*l. Calculate the remainder when l is divided by r.
3
Suppose -5*m = j + 4, 3*j + 9 + 3 = 5*m. Suppose m = -2*u + 12 - 4. Calculate the remainder when 6 is divided by u.
2
Let m be 1 + 1 + 28/(-2). Calculate the remainder when (-102)/m - (-2)/4 is divided by 5.
4
Suppose 169 = 5*y - 61. Calculate the remainder when y is divided by (-18)/4*(-8)/3.
10
What is the remainder when 66 is divided by 7/((1 - 32/(-10)) + -4)?
31
Suppose -2*d + 15 = -7*d. Calculate the remainder when (0 + (-12)/d)*7 is divided by 15.
13
Suppose 4*s = 3*i - 33, 4*s + 0*s + 4*i + 40 = 0. Let u(b) = 6*b - 5. Calculate the remainder when u(8) is divided by 1/(-3) + (-138)/s.
13
Suppose -5*u + 9 = 2*k, u - 5*k - 1 = 17. What is the remainder when 6 is divided by u?
0
Let d = 51 - 43. What is the remainder when 15 is divided by d?
7
Let q = -29 + 40. Calculate the remainder when q is divided by 7.
4
Suppose 37 = -3*s + 256. Suppose -4*o + s = 5. Suppose -5*f + 23 = -o. What is the remainder when 15 is divided by f?
7
Let u = -43 + 54. Suppose -4*l - 4 = -5*l. Calculate the remainder when u is divided by l.
3
Let z(m) = -2*m**3 + m**2 + m - 1. What is the remainder when z(-2) is divided by 4/(-6) - (-100)/15?
5
Let i be ((-3 - -3) + -62)/1. Let s = -25 - i. What is the remainder when s is divided by 13?
11
Suppose -2*q = -q - 7. Let b = -6 + 18. What is the remainder when b is divided by q?
5
Suppose -68 = -3*r - 5*s, -3*r - 2*r + 4*s = -101. What is the remainder when 104 is divided by r?
20
Suppose 0*n + 4*n = 32. Calculate the remainder when n is divided by 6.
2
Suppose p - 64 = 4*k, -4*k = 3*p - 6*p + 160. Calculate the remainder when p is divided by 14.
6
Suppose 0 = 9*r - 7*r - 26. Let g(l) = -6*l + 1. Let o be g(-3). Suppose -2*t = -o - r. What is the remainder when 29 is divided by t?
13
Suppose -48*o + 52*o - 276 = 0. Let u = 9 - -9. Calculate the remainder when o is divided by u.
15
Calculate the remainder when 12/8 - (-1)/(-2) is divided by 1.
0
Let o(p) = p**3 - 13*p**2 - 28*p - 13. Calculate the remainder when 79 is divided by o(15).
11
Suppose 0 = 14*r - 11*r - 48. What is the remainder when 286 is divided by r?
14
Let b(q) = q + 1. Let x(z) = 3*z - 3 + 3 + 9*z**2 - 7*z**2. Calculate the remainder when x(-4) is divided by b(6).
6
Suppose -28 = -5*m + 37. Let h = -39 + m. Let a = 48 + h. Calculate the remainder when a is divided by 8.
6
Let d(z) = 9*z**2 + 2. Let l be d(-2). Let x = l - 15. Calculate the remainder when x is divided by 13.
10
Let x(t) = -17*t**3 + 2*t**2 + t. Let l be x(-1). Let p = 6 - 16. Let z = l + p. Calculate the remainder when 23 is divided by z.
7
Suppose -3 = -n, -5*x = 4*n - 15 - 17. Suppose 5*h - 155 = d, 0*h - 4*h + x*d = -124. Calculate the remainder when h is divided by (-2)/5 + (-246)/(-15).
15
Suppose 5*a = -t + 12, -2*a = -3*t + 3 - 1. Calculate the remainder when 43 is divided by -1*t*22/(-4).
10
Let w(p) = 16*p + 2. Let n be w(-2). Let g = 126 + n. Suppose 3*h + h = g. Calculate the remainder when 46 is divided by h.
22
Let v(l) = l**3 + 8*l**2 - 11. Let f = -33 - -26. What is the remainder when v(f) is divided by 13?
12
Suppose 2*t - l + 271 = 0, 0 = -2*t - 0*l - l - 269. Calculate the remainder when 51 is divided by (t/20)/((-1)/4).
24
Let j(h) = 3*h**3 - h + 1. Let l be j(2). Suppose c - 1 = 0, l = 3*m + 2*c - 0*c. Calculate the remainder when 27 is divided by m.
6
Let u(f) = f**3 - 7*f**2 + 10*f - 8. What is the remainder when u(6) is divided by 5?
1
Suppose 0*c - 2*c - 32 = 2*n, 0 = -5*n + 10. What is the remainder when (-21)/c + 3/(-18) is divided by 1?
0
Suppose -3*j = -5*z - 0*j + 22, -j = 2*z. Let o be 0 - z - (2 - 3). Let t = o + 4. What is the remainder when 4 is divided by t?
1
Let l = 7 + -9. Calculate the remainder when 1*(1 + l)*-32 is divided by 12.
8
Suppose 0 = -w + 4*w - 15. Calculate the remainder when (3 + -1)*(-65)/(-10) is divided by w.
3
Let f = 67 - 30. Calculate the remainder when 71 is divided by f.
34
Suppose 4*q + 25 = j, 4*j + 0*q = 2*q + 142. What is the remainder when j is divided by 10?
7
Suppose 0 = -5*v + 10 + 75. Calculate the remainder when v is divided by 3.
2
Let h(o) = -3*o + 5. What is the remainder when 75 is divided by h(-7)?
23
Suppose k + 3 = -2*k. Let o be 35*k/(10/8). Let d = 46 + o. Calculate the remainder when d is divided by 10.
8
Let q(z) = z**3 + 12*z**2 - 15*z + 2. What is the remainder when q(-13) is divided by 10?
8
Suppose -3*y + 4*y = 33. What is the remainder when y is divided by 9?
6
Suppose 3*f + 14 = -5*y, 5*y - 8*y = 4*f + 15. Let r be ((-1)/y)/1*3. Calculate the remainder when 26 is divided by (-111)/(-12) - r/12.
8
Suppose 2744 = 4*f - 4*a, 2704 = f + 3*f + 4*a. Suppose -2*o + f = o. Suppose 0 = 5*g + 82 - o. What is the remainder when g is divided by 10?
9
Suppose 0 = -v - 1 + 4. Suppose v*z - 97 = -2*o - 3*o, 3*z - 63 = -3*o. What is the remainder when 65 is divided by o?
14
Suppose p + 12 = 4*z + 47, 0 = p - 2*z - 27. Calculate the remainder when 37 is divided by p.
18
Suppose 73 = 2*p - h, 6*p - p + 5*h = 205. Let a = 42 + -27. What is the remainder when p is divided by 1*a*(-4)/(-6)?
8
Let f